7*s(p) - 5*z(p). Determine l(1).
1
Let o(c) = 3*c + 3. Let q = -4 + 10. Let p = q - 3. What is o(p)?
12
Suppose -11*j = -31 - 13. Let i(h) = 6*h**2 + 2*h - 3. Let f(l) = -5*l**2 - l + 3. Let s(m) = -5*f(m) - 4*i(m). What is s(j)?
1
Let n(d) = d**3 - 5*d**2 + 4*d + 5. Suppose -o + 15 = 7. Suppose -u = -3*u + o. Give n(u).
5
Let n(t) = 5*t**3 - t**2 + 9*t - 5. Let j(f) = 2*f**3 + 3*f - 2. Let l(s) = -8*j(s) + 3*n(s). Give l(-3).
-8
Let b(o) = o**3 - o**2 + o - 6. Let r be (0 + 1)/(2/(-8)). Let a(j) = -j - 4. Let y be a(r). Give b(y).
-6
Suppose 0 = 3*h + 3*b + 9, -4*h = -h + 4*b + 11. Let f(i) = 4*i**3 + 2*i + 1. Give f(h).
-5
Suppose h = -0*t - t + 7, -2*t = -5*h + 14. Suppose -h*x - 30 = x. Let u(s) = s + 4. What is u(x)?
-2
Suppose 0 = 3*a - 0*a. Let d(j) = a*j**2 + 2*j**2 - 6*j + 3 - j**2. Give d(4).
-5
Let i(v) = 3*v**2 - 2. Suppose 5*z - 1 - 1 = -4*a, -a = -3*z + 8. Give i(a).
10
Let g = -7 + 7. Let i(n) = n**2 + n + 2. Let h be i(-3). Let w(q) = 2 + q**2 + q - h - 2*q. Calculate w(g).
-6
Let y(g) = g**3 + 7*g**2 - 7*g - 1. Let v(d) = -2*d**3 - 7*d**2 + 7*d + 1. Let m(x) = 2*v(x) + 3*y(x). Give m(6).
-7
Let w be 4/3*(-3)/(-2). Let p(v) = -5 + 2*v + 6 - 4*v - 3. Give p(w).
-6
Suppose -2*i + 27 = i. Let m(r) = r**2 - 7*r - 13. Let u be m(i). Let h(v) = 3*v**2 - u - 4*v + v + 3 + v**3. Determine h(-4).
-6
Let t(h) = h**2 - h + 1. Let b(i) = 11*i**2 - 8*i + 7. Let y(z) = -11*z**2 + 9*z - 7. Let q(x) = -5*b(x) - 4*y(x). Let m(d) = -q(d) - 6*t(d). Determine m(-1).
4
Let d be (-3 + (-5 - 0))/(-2). Let z(h) = h**2 - 5*h + 4. Determine z(d).
0
Let a be 0 + (-4 - -1) + 7. Let y(d) = 5*d**3 - 2*d**2 + 11*d - 2. Let t(m) = -14*m**3 + 7*m**2 - 32*m + 7. Let w(v) = a*t(v) + 11*y(v). Determine w(5).
-4
Let m be (8/6)/((-2)/6). Let q be (-5)/(-2) + (-3)/6. Let x(t) = q*t + t - 4*t + 3. Give x(m).
7
Let j(x) = x**2 + 8*x + 2. Let y be j(-8). Let u(o) = -3*o + 6. Let m(g) = -13*g + 24. Let w(a) = y*m(a) - 9*u(a). Let k be -1 + -1 - 14/(-2). Determine w(k).
-1
Suppose 2*g + 3 = 3*g. Suppose -c = -0*c - g. Let x(i) = -i**2 + 2*i. What is x(c)?
-3
Let w(d) = -3*d**3 - 8*d**2 - 3*d - 1. Let q(r) = r**3 + r**2 + 1. Let b(p) = 2*q(p) + w(p). Determine b(-5).
-9
Let t(h) = -h**3 + 3*h + 6. Let a(j) = j**2 + j. Let s(q) = -6*a(q) + t(q). Suppose 0*b - 8 = p - 3*b, 4*b + 21 = -5*p. Determine s(p).
-4
Suppose 0 = y + 4*j + 14, 0 = 3*j + 7 + 8. Let q be 3*(-1)/(-3)*0. Let k(t) = q*t + 3 - y - 2*t. What is k(-2)?
1
Let t(l) = -2*l**2 + 2 - 1 + 4*l**2. Let x(o) = -o - 4. Suppose -c - 4*c - 25 = 0. Let s be x(c). What is t(s)?
3
Let a(p) = -p + 1. Let b = 4 + -13. Let s be ((-2)/(-2))/(3/b). Determine a(s).
4
Let z(q) be the second derivative of q**5/20 + q**4/6 + q**3/6 + 2*q. Suppose -4*n - 3 = -n. Calculate z(n).
0
Let n(z) = z**3 + 3*z + 3*z**2 + z**2 - 5*z. Let l be n(-4). Let f(q) = 3 + l*q + 0 - 4. Determine f(1).
7
Suppose 4*q = 6 + 2. Suppose -3*h + q*h + 3 = 0. Let u(w) = -4 - w + 7*w**3 + w**2 + 3 + 2*w**h. Determine u(-1).
-8
Let n(x) = -x**2 + 2*x**2 + x**3 - 4*x**2 - 4*x**2 - 5 + 6*x. Calculate n(6).
-5
Let d(s) be the second derivative of -s**3/6 + 2*s**2 - 5*s. What is d(3)?
1
Let i(r) = 2*r**2 - r - 1. Let p be i(2). Let w(a) = -a - a + 3*a - p*a**2. What is w(1)?
-4
Let h(w) be the third derivative of w**6/120 + w**5/15 + w**4/8 + w**3 + 32*w**2. Give h(-4).
-6
Let x(k) be the second derivative of -k**4/12 - k**3/2 - 3*k**2/2 + k. Let j(f) be the first derivative of x(f). What is j(-3)?
3
Let c(t) = -2*t - 8. Suppose -3*q - 37 = -109. Suppose 2*y = -2*y - q. Determine c(y).
4
Let y(s) = 5*s**3 - 4*s**3 - 2*s - 1 + s**2 + 3*s. Give y(1).
2
Let j(z) be the third derivative of -z**8/1344 - z**6/720 - z**5/120 - z**4/8 + 3*z**2. Let c(r) be the second derivative of j(r). Determine c(-1).
5
Let y(c) be the first derivative of -1/2*c**4 + 1/3*c**3 - 1 + c - 1/2*c**2. Determine y(1).
-1
Let n(l) = -l + 5. Let w(t) = t - 6. Let b be w(6). Let v be n(b). Suppose -5*h + 7 + 3 = -v*k, 2 = -2*h. Let d(a) = a**3 + 4*a**2 + a. What is d(k)?
6
Let g(y) = 3*y + 39 + 0*y - 34 - 5*y**2 - y**3. Give g(-5).
-10
Let r(q) = -q. Suppose -3*j + 27 = -6*j. Let l = 5 + j. Let y be (-22)/(-18) - l/(-18). Give r(y).
-1
Let o be -1 - (3 - 1) - -2. Let i = o - 5. Let h(r) = -r**3 - 6*r**2 - r - 6. Calculate h(i).
0
Let m(h) be the first derivative of 2*h**2 - h + 2. Let b be (-1)/(0 + (-2)/10). Let i(p) = p - 7. Let u be i(b). Calculate m(u).
-9
Let u(f) = 30*f - 3. Let y(j) = -10*j + 1. Let m(g) = 3*u(g) + 8*y(g). Determine m(1).
9
Let t(u) = -10*u + 1. Let o be 5/((-1)/(-1) - 0). Suppose 0 = -o*y + 2*k - 4*k + 15, -5*k = -5*y - 20. What is t(y)?
-9
Let r = -3 - -5. Suppose -r*t - 2 = 2. Let n(p) = p**2 + 2*p - 2 - 2*p**2 + 5. Give n(t).
-5
Let i(y) be the second derivative of y**5/20 + y**4/12 - 2*y**3/3 + 3*y**2/2 - 13*y. What is i(2)?
7
Let s(q) be the first derivative of -q**2/2 + 7*q + 29. Determine s(9).
-2
Let v(n) = -5*n**3 + 0 - 5*n**2 + 1 + 15*n**3 + 7*n. Let l(c) = -c**3 + c**2 - c. Let y(s) = 5*l(s) + v(s). What is y(-1)?
-6
Suppose -4*j - 1 = 3*q + 6, 4 = -j. Suppose q*o - 4*o = -5. Let c(l) = -l**2 + 0*l + 2 + 0*l + 6*l. Give c(o).
7
Let g = 4 + -1. Suppose g*n = 8*n. Let z(q) be the second derivative of q**5/20 - q**3/6 - 7*q**2/2 + q - 93. Determine z(n).
-7
Let u be (3 + (-22)/6)*3. Let a(j) = j**3 + j**2 + j. Let c(i) = -2*i**3 - 2*i**2 - 4*i - 1. Let k(w) = -3*a(w) - c(w). Determine k(u).
3
Let t(a) = 3*a**2 - 4*a**2 - 3 + 5 + 4*a - 1. Let r(v) = 4*v**2 - v. Let y be r(-1). Calculate t(y).
-4
Let n be (5/1)/(0 + -1). Let z(r) = r - 1. Calculate z(n).
-6
Let q(g) = 7*g**2 - g + 12. Let w(b) = b**2 + b + 1. Let p(u) = q(u) - 6*w(u). Give p(5).
-4
Suppose 2*a + 11 = p - 2*a, -a + 6 = p. Let h(l) = l**3 - 8*l**2 + 5*l + 9. What is h(p)?
-5
Let f(s) be the first derivative of -1/4*s**4 + 0*s**2 + 2*s**3 + 7*s + 3. Give f(6).
7
Suppose u = -4*x + x + 4, 4*u = x + 3. Let f be -1 + 0 + u - 6. Let k = 5 + f. Let h(p) = 2*p**2 - p - 1. What is h(k)?
2
Let l(d) be the third derivative of 3*d**2 - 7/24*d**4 + 0 + 1/3*d**3 + 0*d + 1/60*d**5. Give l(6).
-4
Let s = 1 - 1. Suppose -4*i + 0*i = s. Let j(y) = i*y - 1 + 2 - y. Calculate j(-4).
5
Suppose -4 + 6 = f. Let r(i) = i**3 - i**2 - 3*i - 4. Let c = 5 - 2. Let w(o) = 2*o**3 - 2*o**2 - 5*o - 7. Let z(u) = c*w(u) - 5*r(u). Give z(f).
3
Let r(l) = l**2 - l - 1. Let f = 3 - 3. Let p = f - 1. What is r(p)?
1
Let m = 3 - 2. Suppose -b + 3 - 1 = 0. Let f(z) = -1 - 2*z + 3*z + 0*z**2 + z + b*z**2. What is f(m)?
3
Let m(h) = -h + 2*h**2 + h - 3*h**2. Let k be m(0). Let s(t) = k + 5*t + 1 - 2*t - 5. What is s(4)?
8
Suppose -5*n = -6*n. Let m(c) = 3 + 3*c + n*c - 4*c. Determine m(6).
-3
Suppose 0 = -3*u + 11 - 5. Suppose -a + 3*m + 4 = 0, 7*m = 2*a + u*m - 7. Let r(i) be the first derivative of -5*i**2/2 + i + 1. Calculate r(a).
-4
Let d(m) = 2*m - 3 + 4 + m**2 - 3 - 2. Let k(v) = -v + 2. Let q be k(5). Determine d(q).
-1
Let v(h) = -h**3 + 4*h**2 + h - 4. Suppose 8*q + 8 - 32 = 0. Determine v(q).
8
Let p(f) be the third derivative of -f**5/10 - f**4/6 - f**3/2 + 16*f**2. Determine p(-2).
-19
Let v(x) = -x**3 - 2*x**2 - 2*x - 3. Suppose -6*d + 64 = 4*m - 2*d, 2*m - 17 = d. Suppose 4*f - 3 + m = 0. Determine v(f).
1
Let i(b) = -53 + b**2 + 4*b + 21 + 31. Give i(-4).
-1
Let m be 0 + 3 + -5 + (1 - 1). Let w(f) = 7*f**3 - 8*f**2 - 6*f - 5. Let y(z) = 20*z**3 - 23*z**2 - 17*z - 14. Let n(o) = -17*w(o) + 6*y(o). Determine n(m).
-15
Let j(x) = 6*x - 1. Let v(c) = -7*c + 1. Let t(g) = 6*j(g) + 5*v(g). Determine t(3).
2
Let c(n) be the second derivative of n**7/2520 + n**6/180 - n**5/30 - n**4/12 - 3*n. Let r(g) be the third derivative of c(g). Let i be 6*3*(-6)/27. Give r(i).
-4
Let k(v) be the second derivative of -v**5/20 + v**4/3 - v**2 + v. Suppose 28 = 4*j + 4*u, -22 + 7 = -6*j + 3*u. Calculate k(j).
-2
Let j = 28 + -39. Let y = 7 + j. Let u(d) be the third derivative of -d**5/60 - 5*d**4/24 - d**3/2 + d**2. Calculate u(y).
1
Let d(u) be the first derivative of -7*u**4/24 + u**3/6 + u**2/2 + 3. Let o(g) be the second derivative of d(g). What is o(-1)?
8
Let v(t) = -2*t + 3. Let q(y) = 3*y + 3. Let d be q(-2). Determine v(d).
9
Let u(k) = -6*k**3. Let q(f) = -f**3 + 6*f**2 + 6*f + 8. Let s be q(7). Calculate u(s).
-6
Let w(p) = 0 - 10